{"id":1512,"date":"2022-04-27T13:29:46","date_gmt":"2022-04-27T17:29:46","guid":{"rendered":"https:\/\/communitylivingstormontcounty.ca\/a-propos-de-nous\/notre-equipe\/"},"modified":"2025-07-17T13:48:50","modified_gmt":"2025-07-17T17:48:50","slug":"notre-equipe","status":"publish","type":"page","link":"https:\/\/communitylivingstormontcounty.ca\/fr\/a-propos-de-nous\/notre-equipe\/","title":{"rendered":"Notre \u00e9quipe"},"content":{"rendered":"\n<div class=\"wp-block-columns team is-layout-flex wp-container-core-columns-is-layout-9d6595d7 wp-block-columns-is-layout-flex\">\n<div class=\"wp-block-column is-layout-flow wp-block-column-is-layout-flow\">\n<h4 class=\"wp-block-heading\">Michelle Alguire<\/h4>\n\n\n\n<p><em>Directrice g\u00e9n\u00e9rale<\/em><\/p>\n\n\n\n<p>M me Alguire a travaill\u00e9 pendant 43 ans dans le secteur des services aux personnes ayant une d\u00e9ficience intellectuelle, dont 38 ans pour Int\u00e9gration Communautaire &#8211; comt\u00e9 de Stormont. Mme Alguire a commenc\u00e9 en tant que travailleuse de premi\u00e8re ligne, puis elle a occup\u00e9 les postes de gestionnaire de services r\u00e9sidentiels, de directrice administrative adjointe et, au cours des dix derni\u00e8res ann\u00e9es, de directrice g\u00e9n\u00e9rale. Tout au long de ces ann\u00e9es, elle a particip\u00e9 \u00e0 l&rsquo;\u00e9largissement des services destin\u00e9s aux personnes ayant une d\u00e9ficience intellectuelle, en passant de programmes s\u00e9gr\u00e9gu\u00e9s \u00e0 l&rsquo;inclusion communautaire, au d\u00e9veloppement continu de nos services d\u2019aide au logement et de soutien communautaire. Elle a travaill\u00e9 et continue de travailler en collaboration avec de nombreux partenaires communautaires pour veiller \u00e0 ce que les personnes ayant une d\u00e9ficience intellectuelle aient le droit et la possibilit\u00e9 de participer pleinement \u00e0 une communaut\u00e9 inclusive.<\/p>\n\n\n\n<h4 class=\"wp-block-heading\">Bernadette Van Gurp<\/h4>\n\n\n\n<p><em>Directrice administrative adjointe<\/em><\/p>\n\n\n\n<p>M me Van Gurp a travaill\u00e9 pendant 43 ans dans le secteur des services aux personnes ayant une d\u00e9ficience intellectuelle. Elle a travaill\u00e9 pour le Centre des services de d\u00e9veloppement de S.D. &amp; G. en tant que gestionnaire et travaille maintenant pour Int\u00e9gration Communautaire &#8211; comt\u00e9 de Stormont depuis 12 ans en tant que directrice administrative adjointe.<\/p>\n\n\n\n<h4 class=\"wp-block-heading\">Jantje Helmer<\/h4>\n\n\n\n<p><em>Adjointe de direction<\/em><\/p>\n\n\n\n<p>Mme Helmer a \u00e9t\u00e9 embauch\u00e9e en 1981, avec plus de 40 ans de service au poste de secr\u00e9taire de direction \/ maintenant appel\u00e9e adjointe de direction aupr\u00e8s de la directrice g\u00e9n\u00e9rale et de l&rsquo;\u00e9quipe de gestion. Elle a \u00e9t\u00e9 t\u00e9moin de nombreux changements qui ont fait de l\u2019organisation Int\u00e9gration Communautaire &#8211; comt\u00e9 de Stormont ce qu&rsquo;elle est aujourd&rsquo;hui.<\/p>\n\n\n\n<h4 class=\"wp-block-heading\">Karen Dupelle<\/h4>\n\n\n\n<p><em>Gestionnaire<\/em><\/p>\n\n\n\n<p>Mme Dupelle travaille pour Int\u00e9gration Communautaire &#8211; comt\u00e9 de Stormont depuis 32 ans. Son exp\u00e9rience professionnelle comprend le programme Lifeskills, les services r\u00e9sidentiels, les services de soutien communautaire, les jeunes en transition et elle a r\u00e9cemment rejoint notre \u00e9quipe de gestion en avril 2022.<\/p>\n\n\n\n<h4 class=\"wp-block-heading\">Christine Leroux<\/h4>\n\n\n\n<p><em>Gestionnaire<\/em><\/p>\n\n\n\n<p>Mme Leroux a travaill\u00e9 dans le secteur de la petite enfance pendant plus de 25 ans. Elle a travaill\u00e9 comme \u00e9ducatrice dans des programmes d&rsquo;apprentissage des jeunes enfants \u00e0 Kingston, Ottawa et Cornwall. Elle a \u00e9galement travaill\u00e9 comme coordonnatrice des ressources familiales pour le programme de la petite enfance de l&rsquo;Ontario et, pendant 10 ans, comme agente de programme pour les Services \u00e0 l&rsquo;enfance de la ville de Cornwall.<\/p>\n\n\n\n<p>Mme Leroux a rejoint Int\u00e9gration Communautaire &#8211; comt\u00e9 de Stormont en 2018 en tant que gestionnaire du Service de consultation en int\u00e9gration de la petite enfance. Depuis 2023, M me Leroux a pris la responsabilit\u00e9 du programme de Passeport et travail \u00e0 temps partiel dans le d\u00e9partement des ressources humaines.<\/p>\n<\/div>\n\n\n\n<div class=\"wp-block-column is-layout-flow wp-block-column-is-layout-flow\">\n<h4 class=\"wp-block-heading\">Lorrie Tyo<\/h4>\n\n\n\n<p><em>Gestionnaire<\/em><\/p>\n\n\n\n<p>Lorrie est \u00e0 l\u2019emploi d\u2019Int\u00e9gration Communautaire &#8211; comt\u00e9 de Stormont depuis 1999. Elle \u0153uvre dans le secteur des services aux personnes ayant une d\u00e9ficience intellectuelle depuis plus de 25 ans. Elle a pris plaisir \u00e0 travailler en contact direct avec la client\u00e8le dans la plupart de nos services en \u00e9tablissement, ainsi qu\u2019en tant que travailleuse de soutien communautaire dans le cadre du programme Fondations et jeunes en \u00e2ge de transition. Elle a pass\u00e9 10 ans dans nos appartements avec services de soutien \u00e0 l\u2019autonomie jusqu\u2019\u00e0 ce qu\u2019elle se joigne \u00e0 l\u2019\u00e9quipe de direction en septembre 2023. Lorrie supervise maintenant le programme de soutien communautaire ainsi que les services de soutien \u00e0 l\u2019autonomie.    <\/p>\n\n\n\n<h4 class=\"wp-block-heading\">Julie O\u2019Shaughnessy<\/h4>\n\n\n\n<p><em>Gestionnaire<\/em><\/p>\n\n\n\n<p>Julie compte 20 ans d\u2019exp\u00e9rience dans le secteur des services aux personnes ayant une d\u00e9ficience intellectuelle, allant du contact direct avec la client\u00e8le dans les services en \u00e9tablissement \u00e0 la gestion de cas dans les services \u00e0 l\u2019enfance. Julie s\u2019est jointe \u00e0 l\u2019\u00e9quipe de direction d\u2019Int\u00e9gration Communautaire &#8211; comt\u00e9 de Stormont en octobre 2023. Julie est passionn\u00e9e par l\u2019id\u00e9e d\u2019offrir des choix aux individus et de les faire participer \u00e0 la vie communautaire.  <\/p>\n\n\n\n<h4 class=\"wp-block-heading\">Joanne Gates<\/h4>\n\n\n\n<p><em>Directrice des services administratifs<\/em><\/p>\n\n\n\n<p>Joanne poss\u00e8de 25 ans d\u2019exp\u00e9rience en finance, dont 7 ans dans le secteur des services aux personnes ayant une d\u00e9ficience intellectuelle au sein du Centre des services de d\u00e9veloppement de S.D. &amp; G. Elle a travaill\u00e9 pour le minist\u00e8re des Services \u00e0 l\u2019enfance et des Services sociaux et communautaires ainsi que pour le secteur public. <\/p>\n\n\n\n<p>Joanne s\u2019est jointe \u00e0 l\u2019\u00e9quipe d\u2019Int\u00e9gration Communautaire &#8211; comt\u00e9 de Stormont en septembre 2024 en tant que responsable des services administratifs.<\/p>\n\n\n\n<h4 class=\"wp-block-heading\">Kelly Varin<\/h4>\n\n\n\n<p><em>Gestionnaire des resources humaines<\/em><\/p>\n\n\n\n<p>Kelly a \u00e9t\u00e9 embauch\u00e9e comme gestionnaire des ressources humaines d\u2019Int\u00e9gration Communautaire &#8211; comt\u00e9 de Stormont en mars 2024. Elle a eu le plaisir de travailler dans le secteur \u00e0 but non lucratif de Cornwall pendant plus de 20 ans. Kelly est passionn\u00e9e par le fait de faire partie d\u2019une \u00e9quipe qui transforme notre communaut\u00e9, et cette \u00e9quipe est anim\u00e9e par la m\u00eame passion\u2009! Elle aime faire preuve de cr\u00e9ativit\u00e9 pour maintenir le moral et pour am\u00e9liorer le dynamisme de l\u2019organisation. Lorsqu\u2019elle n\u2019est pas au travail, vous la trouverez \u00e0 la patinoire ou au studio de danse. Kelly adh\u00e8re aux paroles de Gandhi : \u00ab\u2009Soyez le changement que vous souhaitez voir dans le monde\u2009\u00bb.     <\/p>\n\n\n\n<h4 class=\"wp-block-heading\">Sara Jackson<\/h4>\n\n\n\n<p><em>Gestionnaire<\/em><\/p>\n\n\n\n<p>Sara Jackson a travaill\u00e9 pendant 15 ans dans le domaine de la sant\u00e9 mentale. Elle est titulaire d\u2019une ma\u00eetrise en psychologie de l\u2019Universit\u00e9 Adler, d\u2019un certificat en traumatologie clinique de l\u2019Institut de traumatologie \u00e0 Toronto et d\u2019un dipl\u00f4me en traitement des d\u00e9pendances.  Sara a travaill\u00e9 pendant 7 ans au Centre de r\u00e9tablissement r\u00e9gional Isuarsivik \u00e0 Kuujjuaq, au Nunavik, un centre de r\u00e9tablissement sp\u00e9cialis\u00e9 dans les programmes culturellement adapt\u00e9s aux Inuits et \u00e0 leurs familles souffrant de d\u00e9pendances et de traumatismes, o\u00f9 elle a dirig\u00e9 le d\u00e9veloppement du d\u00e9partement des services de soins continus. Elle a \u00e9galement travaill\u00e9 pendant plusieurs ann\u00e9es au sein des services de d\u00e9pendance et de traumatisme d\u2019Ottawa Mission, en plus d\u2019avoir travaill\u00e9 pendant 6 ans avec l\u2019OCAPDD. Elle se passionne pour les questions de justice sociale et pour la possibilit\u00e9 pour les populations vuln\u00e9rables de gu\u00e9rir de leurs traumatismes et d\u2019am\u00e9liorer leur vie. Elle agit avec d\u00e9termination en faveur des communaut\u00e9s et des personnes marginalis\u00e9es, y compris les populations autochtones.<\/p>\n<\/div>\n<\/div>\n","protected":false},"excerpt":{"rendered":"<p>Michelle Alguire Directrice g\u00e9n\u00e9rale M me Alguire a travaill\u00e9 pendant 43 ans dans le secteur des services aux personnes ayant une d\u00e9ficience intellectuelle, dont 38 ans pour Int\u00e9gration Communautaire &#8211; comt\u00e9 de Stormont. Mme Alguire a commenc\u00e9 en tant que travailleuse de premi\u00e8re ligne, puis elle a occup\u00e9 les postes de gestionnaire de services r\u00e9sidentiels, [&hellip;]<\/p>\n","protected":false},"author":1,"featured_media":0,"parent":1504,"menu_order":0,"comment_status":"closed","ping_status":"closed","template":"","meta":{"_et_pb_use_builder":"","_et_pb_old_content":"","_et_gb_content_width":"","footnotes":""},"class_list":["post-1512","page","type-page","status-publish","hentry"],"_links":{"self":[{"href":"https:\/\/communitylivingstormontcounty.ca\/fr\/wp-json\/wp\/v2\/pages\/1512","targetHints":{"allow":["GET"]}}],"collection":[{"href":"https:\/\/communitylivingstormontcounty.ca\/fr\/wp-json\/wp\/v2\/pages"}],"about":[{"href":"https:\/\/communitylivingstormontcounty.ca\/fr\/wp-json\/wp\/v2\/types\/page"}],"author":[{"embeddable":true,"href":"https:\/\/communitylivingstormontcounty.ca\/fr\/wp-json\/wp\/v2\/users\/1"}],"replies":[{"embeddable":true,"href":"https:\/\/communitylivingstormontcounty.ca\/fr\/wp-json\/wp\/v2\/comments?post=1512"}],"version-history":[{"count":11,"href":"https:\/\/communitylivingstormontcounty.ca\/fr\/wp-json\/wp\/v2\/pages\/1512\/revisions"}],"predecessor-version":[{"id":2721,"href":"https:\/\/communitylivingstormontcounty.ca\/fr\/wp-json\/wp\/v2\/pages\/1512\/revisions\/2721"}],"up":[{"embeddable":true,"href":"https:\/\/communitylivingstormontcounty.ca\/fr\/wp-json\/wp\/v2\/pages\/1504"}],"wp:attachment":[{"href":"https:\/\/communitylivingstormontcounty.ca\/fr\/wp-json\/wp\/v2\/media?parent=1512"}],"curies":[{"name":"wp","href":"https:\/\/api.w.org\/{rel}","templated":true}]}}

Notre équipe

<div class="wp-block-columns team is-layout-flex wp-container-core-columns-is-layout-9d6595d7 wp-block-columns-is-layout-flex">
<div class="wp-block-column is-layout-flow wp-block-column-is-layout-flow">
<h4 class="wp-block-heading">Michelle Alguire</h4>



<p><em>Directrice générale</em></p>



<p>M me Alguire a travaillé pendant 43 ans dans le secteur des services aux personnes ayant une déficience intellectuelle, dont 38 ans pour Intégration Communautaire &#8211; comté de Stormont. Mme Alguire a commencé en tant que travailleuse de première ligne, puis elle a occupé les postes de gestionnaire de services résidentiels, de directrice administrative adjointe et, au cours des dix dernières années, de directrice générale. Tout au long de ces années, elle a participé à l&rsquo;élargissement des services destinés aux personnes ayant une déficience intellectuelle, en passant de programmes ségrégués à l&rsquo;inclusion communautaire, au développement continu de nos services d’aide au logement et de soutien communautaire. Elle a travaillé et continue de travailler en collaboration avec de nombreux partenaires communautaires pour veiller à ce que les personnes ayant une déficience intellectuelle aient le droit et la possibilité de participer pleinement à une communauté inclusive.</p>



<h4 class="wp-block-heading">Bernadette Van Gurp</h4>



<p><em>Directrice administrative adjointe</em></p>



<p>M me Van Gurp a travaillé pendant 43 ans dans le secteur des services aux personnes ayant une déficience intellectuelle. Elle a travaillé pour le Centre des services de développement de S.D. &amp; G. en tant que gestionnaire et travaille maintenant pour Intégration Communautaire &#8211; comté de Stormont depuis 12 ans en tant que directrice administrative adjointe.</p>



<h4 class="wp-block-heading">Jantje Helmer</h4>



<p><em>Adjointe de direction</em></p>



<p>Mme Helmer a été embauchée en 1981, avec plus de 40 ans de service au poste de secrétaire de direction / maintenant appelée adjointe de direction auprès de la directrice générale et de l&rsquo;équipe de gestion. Elle a été témoin de nombreux changements qui ont fait de l’organisation Intégration Communautaire &#8211; comté de Stormont ce qu&rsquo;elle est aujourd&rsquo;hui.</p>



<h4 class="wp-block-heading">Karen Dupelle</h4>



<p><em>Gestionnaire</em></p>



<p>Mme Dupelle travaille pour Intégration Communautaire &#8211; comté de Stormont depuis 32 ans. Son expérience professionnelle comprend le programme Lifeskills, les services résidentiels, les services de soutien communautaire, les jeunes en transition et elle a récemment rejoint notre équipe de gestion en avril 2022.</p>



<h4 class="wp-block-heading">Christine Leroux</h4>



<p><em>Gestionnaire</em></p>



<p>Mme Leroux a travaillé dans le secteur de la petite enfance pendant plus de 25 ans. Elle a travaillé comme éducatrice dans des programmes d&rsquo;apprentissage des jeunes enfants à Kingston, Ottawa et Cornwall. Elle a également travaillé comme coordonnatrice des ressources familiales pour le programme de la petite enfance de l&rsquo;Ontario et, pendant 10 ans, comme agente de programme pour les Services à l&rsquo;enfance de la ville de Cornwall.</p>



<p>Mme Leroux a rejoint Intégration Communautaire &#8211; comté de Stormont en 2018 en tant que gestionnaire du Service de consultation en intégration de la petite enfance. Depuis 2023, M me Leroux a pris la responsabilité du programme de Passeport et travail à temps partiel dans le département des ressources humaines.</p>
</div>



<div class="wp-block-column is-layout-flow wp-block-column-is-layout-flow">
<h4 class="wp-block-heading">Lorrie Tyo</h4>



<p><em>Gestionnaire</em></p>



<p>Lorrie est à l’emploi d’Intégration Communautaire &#8211; comté de Stormont depuis 1999. Elle œuvre dans le secteur des services aux personnes ayant une déficience intellectuelle depuis plus de 25 ans. Elle a pris plaisir à travailler en contact direct avec la clientèle dans la plupart de nos services en établissement, ainsi qu’en tant que travailleuse de soutien communautaire dans le cadre du programme Fondations et jeunes en âge de transition. Elle a passé 10 ans dans nos appartements avec services de soutien à l’autonomie jusqu’à ce qu’elle se joigne à l’équipe de direction en septembre 2023. Lorrie supervise maintenant le programme de soutien communautaire ainsi que les services de soutien à l’autonomie.    </p>



<h4 class="wp-block-heading">Julie O’Shaughnessy</h4>



<p><em>Gestionnaire</em></p>



<p>Julie compte 20 ans d’expérience dans le secteur des services aux personnes ayant une déficience intellectuelle, allant du contact direct avec la clientèle dans les services en établissement à la gestion de cas dans les services à l’enfance. Julie s’est jointe à l’équipe de direction d’Intégration Communautaire &#8211; comté de Stormont en octobre 2023. Julie est passionnée par l’idée d’offrir des choix aux individus et de les faire participer à la vie communautaire.  </p>



<h4 class="wp-block-heading">Joanne Gates</h4>



<p><em>Directrice des services administratifs</em></p>



<p>Joanne possède 25 ans d’expérience en finance, dont 7 ans dans le secteur des services aux personnes ayant une déficience intellectuelle au sein du Centre des services de développement de S.D. &amp; G. Elle a travaillé pour le ministère des Services à l’enfance et des Services sociaux et communautaires ainsi que pour le secteur public. </p>



<p>Joanne s’est jointe à l’équipe d’Intégration Communautaire &#8211; comté de Stormont en septembre 2024 en tant que responsable des services administratifs.</p>



<h4 class="wp-block-heading">Kelly Varin</h4>



<p><em>Gestionnaire des resources humaines</em></p>



<p>Kelly a été embauchée comme gestionnaire des ressources humaines d’Intégration Communautaire &#8211; comté de Stormont en mars 2024. Elle a eu le plaisir de travailler dans le secteur à but non lucratif de Cornwall pendant plus de 20 ans. Kelly est passionnée par le fait de faire partie d’une équipe qui transforme notre communauté, et cette équipe est animée par la même passion ! Elle aime faire preuve de créativité pour maintenir le moral et pour améliorer le dynamisme de l’organisation. Lorsqu’elle n’est pas au travail, vous la trouverez à la patinoire ou au studio de danse. Kelly adhère aux paroles de Gandhi : « Soyez le changement que vous souhaitez voir dans le monde ».     </p>



<h4 class="wp-block-heading">Sara Jackson</h4>



<p><em>Gestionnaire</em></p>



<p>Sara Jackson a travaillé pendant 15 ans dans le domaine de la santé mentale. Elle est titulaire d’une maîtrise en psychologie de l’Université Adler, d’un certificat en traumatologie clinique de l’Institut de traumatologie à Toronto et d’un diplôme en traitement des dépendances.  Sara a travaillé pendant 7 ans au Centre de rétablissement régional Isuarsivik à Kuujjuaq, au Nunavik, un centre de rétablissement spécialisé dans les programmes culturellement adaptés aux Inuits et à leurs familles souffrant de dépendances et de traumatismes, où elle a dirigé le développement du département des services de soins continus. Elle a également travaillé pendant plusieurs années au sein des services de dépendance et de traumatisme d’Ottawa Mission, en plus d’avoir travaillé pendant 6 ans avec l’OCAPDD. Elle se passionne pour les questions de justice sociale et pour la possibilité pour les populations vulnérables de guérir de leurs traumatismes et d’améliorer leur vie. Elle agit avec détermination en faveur des communautés et des personnes marginalisées, y compris les populations autochtones.</p>
</div>
</div>

<p>Michelle Alguire Directrice générale M me Alguire a travaillé pendant 43 ans dans le secteur des services aux personnes ayant une déficience intellectuelle, dont 38 ans pour Intégration Communautaire &#8211; comté de Stormont. Mme Alguire a commencé en tant que travailleuse de première ligne, puis elle a occupé les postes de gestionnaire de services résidentiels, [&hellip;]</p>
